{"id":1490,"date":"2017-10-03T06:57:06","date_gmt":"2017-10-03T06:57:06","guid":{"rendered":"http:\/\/test1.kominiarz.olsztyn.pl\/?page_id=1490"},"modified":"2025-10-29T20:50:18","modified_gmt":"2025-10-29T20:50:18","slug":"korsze","status":"publish","type":"page","link":"https:\/\/kominiarz.olsztyn.pl\/?page_id=1490","title":{"rendered":"KORSZE"},"content":{"rendered":"<span itemprop=\"description\">\n<h2>Zak\u0142ad kominiarski w Korszach \u2013 Sp\u00f3\u0142dzielnia &#8222;KOMINIARZ&#8221;<\/h2>\n<table border=\"0\" width=\"100%\" cellspacing=\"3\" cellpadding=\"3\">\n<tbody>\n<tr>\n<td colspan=\"3\"><\/td>\n<td rowspan=\"7\"><\/td>\n<\/tr>\n<tr>\n<td colspan=\"3\"><\/td>\n<td rowspan=\"7\"><iframe loading=\"lazy\" src=\"https:\/\/maps.google.pl\/maps?f=q&amp;source=s_q&amp;hl=pl&amp;geocode=&amp;q=Wojska+Polskiego+36B,+Korsze&amp;aq=0&amp;oq=korsze+wojka+polskiego+36b&amp;sll=53.82441,22.360733&amp;sspn=0.010031,0.027874&amp;ie=UTF8&amp;hq=&amp;hnear=Wojska+Polskiego+36B,+11-430+Korsze,+k%C4%99trzy%C5%84ski,+warmi%C5%84sko-mazurskie&amp;t=m&amp;ll=54.183987,21.147051&amp;spn=0.016324,0.029955&amp;z=14&amp;iwloc=A&amp;output=embed\" width=\"625\" height=\"325\" frameborder=\"0\" marginwidth=\"0\" marginheight=\"0\" scrolling=\"no\"><\/iframe><\/td>\n<\/tr>\n<\/tbody>\n<\/table>\n<p>Zak\u0142ad Nr 14\/OL<\/p>\n<p>11-430 Korsze<br \/>\nul. Wojska Polskiego 36b<\/p>\n<p>Tel. 89 754 00 50<\/p>\n<p><a>kominiarz.korsze@<\/a><a>kominiarz.olsztyn.pl<\/a><\/p>\n<p>Zak\u0142ad odbiera telefony w godzinach 7-15.<\/p>\n<table border=\"0\" width=\"100%\" cellspacing=\"3\" cellpadding=\"3\">\n<tbody>\n<tr>\n<td>Wojciech Budrewicz<\/td>\n<td>Kierownik Zak\u0142adu.&nbsp;&#8211; Upr Nr 12900\/99<\/td>\n<td>tel. 603-931-840<\/td>\n<td><\/td>\n<\/tr>\n<tr>\n<td>Franczak Bgus\u0142aw<\/td>\n<td>&nbsp; czeladnik kominiarski&nbsp; &#8211; Upr. Nr 64236\/15<\/td>\n<td>tel. 697 186 108<\/td>\n<td><\/td>\n<\/tr>\n<tr>\n<td>Wasilewski Roman<\/td>\n<td>czeladnik kominiarski &#8211; Upr.&nbsp;Nr 44602\/97<\/td>\n<td>tel.&nbsp;609 363 421<\/td>\n<td><\/td>\n<\/tr>\n<tr>\n<td>Wanda Budrewicz<\/td>\n<td>&nbsp;pracownik biurowy<\/td>\n<td><\/td>\n<td><\/td>\n<\/tr>\n<tr>\n<td>Andrzej Tabka<\/td>\n<td>&nbsp;pracownik biurowy<\/td>\n<td><\/td>\n<td><\/td>\n<\/tr>\n<\/tbody>\n<\/table>\n<span>","protected":false},"excerpt":{"rendered":"<p class=\"excerpt\"><span itemprop=\"description\">Zak\u0142ad kominiarski w Korszach \u2013 Sp\u00f3\u0142dzielnia &#8222;KOMINIARZ&#8221; Zak\u0142ad Nr 14\/OL 11-430 Korsze ul. Wojska Polskiego 36b Tel. 89 754 00 50 kominiarz.korsze@kominiarz.olsztyn.pl Zak\u0142ad odbiera telefony w godzinach 7-15. Wojciech Budrewicz Kierownik Zak\u0142adu.&nbsp;&#8211; Upr Nr 12900\/99 tel. 603-931-840 Franczak Bgus\u0142aw &nbsp; czeladnik kominiarski&nbsp; &#8211; Upr. Nr&hellip;<\/span><\/p>\n<p class=\"more-link-p btn-align-left\"><a class=\"blue zoom-btn\" href=\"https:\/\/kominiarz.olsztyn.pl\/?page_id=1490\">Wi\u0119cej<\/a><\/p>\n","protected":false},"author":1,"featured_media":0,"parent":32,"menu_order":0,"comment_status":"closed","ping_status":"closed","template":"","meta":[],"_links":{"self":[{"href":"https:\/\/kominiarz.olsztyn.pl\/index.php?rest_route=\/wp\/v2\/pages\/1490"}],"collection":[{"href":"https:\/\/kominiarz.olsztyn.pl\/index.php?rest_route=\/wp\/v2\/pages"}],"about":[{"href":"https:\/\/kominiarz.olsztyn.pl\/index.php?rest_route=\/wp\/v2\/types\/page"}],"author":[{"embeddable":true,"href":"https:\/\/kominiarz.olsztyn.pl\/index.php?rest_route=\/wp\/v2\/users\/1"}],"replies":[{"embeddable":true,"href":"https:\/\/kominiarz.olsztyn.pl\/index.php?rest_route=%2Fwp%2Fv2%2Fcomments&post=1490"}],"version-history":[{"count":8,"href":"https:\/\/kominiarz.olsztyn.pl\/index.php?rest_route=\/wp\/v2\/pages\/1490\/revisions"}],"predecessor-version":[{"id":2583,"href":"https:\/\/kominiarz.olsztyn.pl\/index.php?rest_route=\/wp\/v2\/pages\/1490\/revisions\/2583"}],"up":[{"embeddable":true,"href":"https:\/\/kominiarz.olsztyn.pl\/index.php?rest_route=\/wp\/v2\/pages\/32"}],"wp:attachment":[{"href":"https:\/\/kominiarz.olsztyn.pl\/index.php?rest_route=%2Fwp%2Fv2%2Fmedia&parent=1490"}],"curies":[{"name":"wp","href":"https:\/\/api.w.org\/{rel}","templated":true}]}}